{"id":8,"date":"2013-10-24T13:07:08","date_gmt":"2013-10-24T10:07:08","guid":{"rendered":"http:\/\/mastokangas.fi\/test\/www.kaseka.fi\/?page_id=8"},"modified":"2025-04-23T15:21:35","modified_gmt":"2025-04-23T12:21:35","slug":"elain-ja-peltotuet","status":"publish","type":"page","link":"https:\/\/www.kaseka.fi\/?page_id=8","title":{"rendered":"El\u00e4in- ja peltotuet"},"content":{"rendered":"<p><a href=\"http:\/\/www.kaseka.fi\/wp-content\/uploads\/2025\/04\/Peltotuet-2025.pdf\" target=\"_blank\" rel=\"noopener\"><strong>Alustavat peltotuet 2025<\/strong><\/a><\/p>\n<p><a href=\"http:\/\/www.kaseka.fi\/wp-content\/uploads\/2025\/04\/ymp.sopimukset-ja-luomu-2025.pdf\" target=\"_blank\" rel=\"noopener\"><strong>Alustavat ymp\u00e4rist\u00f6sopimukset ja luomu 2025<\/strong><\/a><\/p>\n<p><a href=\"http:\/\/www.kaseka.fi\/wp-content\/uploads\/2025\/04\/Elaintuet-2025-ilman-hakuaikaa.pdf\" target=\"_blank\" rel=\"noopener\"><strong>Alustavat el\u00e4intuet 2025<\/strong><\/a><\/p>\n\n\n<p><\/p>\n","protected":false},"excerpt":{"rendered":"<p>Alustavat peltotuet 2025 Alustavat ymp\u00e4rist\u00f6sopimukset ja luomu 2025 Alustavat el\u00e4intuet 2025<\/p>\n","protected":false},"author":1,"featured_media":0,"parent":0,"menu_order":0,"comment_status":"closed","ping_status":"closed","template":"page-templates\/full-width.php","meta":{"footnotes":""},"class_list":["post-8","page","type-page","status-publish","hentry"],"_links":{"self":[{"href":"https:\/\/www.kaseka.fi\/index.php?rest_route=\/wp\/v2\/pages\/8","targetHints":{"allow":["GET"]}}],"collection":[{"href":"https:\/\/www.kaseka.fi\/index.php?rest_route=\/wp\/v2\/pages"}],"about":[{"href":"https:\/\/www.kaseka.fi\/index.php?rest_route=\/wp\/v2\/types\/page"}],"author":[{"embeddable":true,"href":"https:\/\/www.kaseka.fi\/index.php?rest_route=\/wp\/v2\/users\/1"}],"replies":[{"embeddable":true,"href":"https:\/\/www.kaseka.fi\/index.php?rest_route=%2Fwp%2Fv2%2Fcomments&post=8"}],"version-history":[{"count":94,"href":"https:\/\/www.kaseka.fi\/index.php?rest_route=\/wp\/v2\/pages\/8\/revisions"}],"predecessor-version":[{"id":3780,"href":"https:\/\/www.kaseka.fi\/index.php?rest_route=\/wp\/v2\/pages\/8\/revisions\/3780"}],"wp:attachment":[{"href":"https:\/\/www.kaseka.fi\/index.php?rest_route=%2Fwp%2Fv2%2Fmedia&parent=8"}],"curies":[{"name":"wp","href":"https:\/\/api.w.org\/{rel}","templated":true}]}}