{"id":95,"date":"2013-10-31T12:53:54","date_gmt":"2013-10-31T10:53:54","guid":{"rendered":"http:\/\/www.kaseka.fi\/esikatselu\/?page_id=95"},"modified":"2025-03-28T14:52:20","modified_gmt":"2025-03-28T12:52:20","slug":"maaseutupalvelut","status":"publish","type":"page","link":"https:\/\/www.kaseka.fi\/?page_id=95","title":{"rendered":"Maaseutupalvelut"},"content":{"rendered":"<p>Maaseutuyksikk\u00f6 KaseKa vastaa maaseutupalveluiden j\u00e4rjest\u00e4misest\u00e4 Halsuan, Kaustinen, Lestij\u00e4rven, Perhon, Toholammin ja Vetelin kunnissa sek\u00e4 Kannuksen kaupungissa.\u00a0 Maaseutuyksikk\u00f6 KaseKa hoitaa kuntien lakis\u00e4\u00e4teiset maataloushallinnon palvelut sek\u00e4 tekee yhteisty\u00f6t\u00e4 maaseudun kehitt\u00e4misteht\u00e4viss\u00e4.<\/p>\n<p>Hallinnoiva kunta on Lestij\u00e4rvi (Kaustisen seutukunta). P\u00e4\u00e4t\u00f6svaltaa yhteistoiminta-alueella k\u00e4ytt\u00e4\u00e4 sopijakuntien yhteinen lautakunta: Lestij\u00e4rven kunnan maaseutulautakunta.<\/p>\n<p><a href=\"https:\/\/lestijarvi.fi\/hallinto\/lauta-ja-johtokunnat\/\" target=\"_blank\" rel=\"noopener\">Maaseutulautakunnan kokoonpano<\/a><\/p>\n<p><a href=\"http:\/\/mastah.kase.fi\/kase\/maa\/maa.php3\" target=\"_blank\" rel=\"noopener\">Maaseutulautakunnan p\u00e4\u00e4t\u00f6kset 31.12.2024 saakka<\/a><\/p>\n<p><a href=\"https:\/\/dynastyjulkaisu.kase.fi\/D10_Lestijarvi\/cgi\/DREQUEST.PHP?page=meetings&amp;id=12\" target=\"_blank\" rel=\"noopener\">Maaseutulautakunnan p\u00e4\u00e4t\u00f6kset vuodesta 2025 alkaen<\/a><\/p>\n<p>Maaseutulautakunnan alaisena palveluorganisaationa toimii Maaseutuyksikk\u00f6 KaseKa. KaseKan viranhaltijat (maaseutuasiamiehet) ovat toimivaltaisia koko yhteistoiminta-alueella. Johtava maaseutuasiamies on Jukka Hautam\u00e4ki. Palvelut tuotetaan l\u00e4hipalveluna, joten jokaisessa sopijakunnissa on edelleen maaseutuhallinnon palvelupiste. Kts. kohta yhteystiedot.<\/p>\n<p><strong>Teht\u00e4v\u00e4t<\/strong><\/p>\n<p>Maaseututoimen t\u00e4rkeimm\u00e4t teht\u00e4v\u00e4t ovat Eu:n ja kansallisten maataloustukien hakemiseen, maksatukseen ja neuvontaan liittyv\u00e4t teht\u00e4v\u00e4t.<\/p>\n<p>Muita teht\u00e4vi\u00e4 ovat muun muassa:<\/p>\n<ul>\n<li>maaseudun kehitt\u00e4minen yhdess\u00e4 muiden toimijoiden kanssa<\/li>\n<li>neuvonta investointi-, sukupolvenvaihdos- ja el\u00e4keasioissa<\/li>\n<li>sato-, peto- ja tulvavahinkojen arviointi ja korvausten maksatus<\/li>\n<li>maatalousmaan hinta-arviot<\/li>\n<\/ul>\n<p><a href=\"http:\/\/www.kaseka.fi\/?page_id=251\" target=\"_blank\" rel=\"noopener\"><strong>Tilastotietoa alueen\u00a0maataloudesta<\/strong><\/a><\/p>\n<p>&nbsp;<\/p>\n","protected":false},"excerpt":{"rendered":"<p>Maaseutuyksikk\u00f6 KaseKa vastaa maaseutupalveluiden j\u00e4rjest\u00e4misest\u00e4 Halsuan, Kaustinen, Lestij\u00e4rven, Perhon, Toholammin ja Vetelin kunnissa sek\u00e4 Kannuksen kaupungissa.\u00a0 Maaseutuyksikk\u00f6 KaseKa hoitaa kuntien lakis\u00e4\u00e4teiset maataloushallinnon palvelut sek\u00e4 tekee yhteisty\u00f6t\u00e4 maaseudun kehitt\u00e4misteht\u00e4viss\u00e4. Hallinnoiva kunta on Lestij\u00e4rvi (Kaustisen seutukunta). P\u00e4\u00e4t\u00f6svaltaa yhteistoiminta-alueella k\u00e4ytt\u00e4\u00e4 sopijakuntien yhteinen lautakunta: Lestij\u00e4rven kunnan maaseutulautakunta. Maaseutulautakunnan kokoonpano Maaseutulautakunnan p\u00e4\u00e4t\u00f6kset 31.12.2024 saakka Maaseutulautakunnan p\u00e4\u00e4t\u00f6kset vuodesta 2025 alkaen Maaseutulautakunnan [&hellip;]<\/p>\n","protected":false},"author":1,"featured_media":0,"parent":0,"menu_order":0,"comment_status":"closed","ping_status":"closed","template":"page-templates\/front-page.php","meta":{"footnotes":""},"class_list":["post-95","page","type-page","status-publish","hentry"],"_links":{"self":[{"href":"https:\/\/www.kaseka.fi\/index.php?rest_route=\/wp\/v2\/pages\/95","targetHints":{"allow":["GET"]}}],"collection":[{"href":"https:\/\/www.kaseka.fi\/index.php?rest_route=\/wp\/v2\/pages"}],"about":[{"href":"https:\/\/www.kaseka.fi\/index.php?rest_route=\/wp\/v2\/types\/page"}],"author":[{"embeddable":true,"href":"https:\/\/www.kaseka.fi\/index.php?rest_route=\/wp\/v2\/users\/1"}],"replies":[{"embeddable":true,"href":"https:\/\/www.kaseka.fi\/index.php?rest_route=%2Fwp%2Fv2%2Fcomments&post=95"}],"version-history":[{"count":18,"href":"https:\/\/www.kaseka.fi\/index.php?rest_route=\/wp\/v2\/pages\/95\/revisions"}],"predecessor-version":[{"id":3743,"href":"https:\/\/www.kaseka.fi\/index.php?rest_route=\/wp\/v2\/pages\/95\/revisions\/3743"}],"wp:attachment":[{"href":"https:\/\/www.kaseka.fi\/index.php?rest_route=%2Fwp%2Fv2%2Fmedia&parent=95"}],"curies":[{"name":"wp","href":"https:\/\/api.w.org\/{rel}","templated":true}]}}